{"id":36,"date":"2021-03-29T06:33:34","date_gmt":"2021-03-29T06:33:34","guid":{"rendered":"http:\/\/aveobilisim.com.tr\/tech\/?page_id=36"},"modified":"2022-03-07T09:14:41","modified_gmt":"2022-03-07T09:14:41","slug":"hakkimizda","status":"publish","type":"page","link":"http:\/\/aveobilisim.com\/?page_id=36","title":{"rendered":"Hakk\u0131m\u0131zda"},"content":{"rendered":"\t\t<div data-elementor-type=\"wp-page\" data-elementor-id=\"36\" class=\"elementor elementor-36\" data-elementor-settings=\"[]\">\r\n\t\t\t\t\t\t\t<div class=\"elementor-section-wrap\">\r\n\t\t\t\t\t\t\t<section class=\"elementor-section elementor-top-section elementor-element elementor-element-9d810bb elementor-section-full_width elementor-section-height-min-height elementor-section-height-default elementor-section-items-middle\" data-id=\"9d810bb\" data-element_type=\"section\">\r\n\t\t\t\t\t\t<div class=\"elementor-container elementor-column-gap-default\">\r\n\t\t\t\t\t<div class=\"elementor-column elementor-col-100 elementor-top-column elementor-element elementor-element-5da486a\" data-id=\"5da486a\" data-element_type=\"column\">\r\n\t\t\t<div class=\"elementor-widget-wrap elementor-element-populated\">\r\n\t\t\t\t\t\t\t\t<div class=\"elementor-element elementor-element-ed1a77a elementor-widget elementor-widget-image\" data-id=\"ed1a77a\" data-element_type=\"widget\" data-widget_type=\"image.default\">\r\n\t\t\t\t<div class=\"elementor-widget-container\">\r\n\t\t\t\t\t<div class=\"elementor-image\">\r\n\t\t\t\t\t\t\t\t\t\t<img src=\"http:\/\/aveobilisim.com\/wp-content\/uploads\/elementor\/thumbs\/about1-pl64im7gdvgg727ixl8b1egajh2ceftymvv28sllco.png\" title=\"\" alt=\"\" \/>\t\t\t\t\t\t\t\t\t\t\t<\/div>\r\n\t\t\t\t<\/div>\r\n\t\t\t\t<\/div>\r\n\t\t\t\t<div class=\"elementor-element elementor-element-2b54a79 elementor-hidden-phone elementor-hidden-tablet elementor-widget elementor-widget-heading\" data-id=\"2b54a79\" data-element_type=\"widget\" data-widget_type=\"heading.default\">\r\n\t\t\t\t<div class=\"elementor-widget-container\">\r\n\t\t\t<h1 class=\"elementor-heading-title elementor-size-xxl\">Hakk\u0131m\u0131zda<\/h1>\t\t<\/div>\r\n\t\t\t\t<\/div>\r\n\t\t\t\t\t<\/div>\r\n\t\t<\/div>\r\n\t\t\t\t\t\t\t<\/div>\r\n\t\t<\/section>\r\n\t\t\t\t<section class=\"elementor-section elementor-top-section elementor-element elementor-element-3e424b7 elementor-section-full_width elementor-section-height-default elementor-section-height-default\" data-id=\"3e424b7\" data-element_type=\"section\">\r\n\t\t\t\t\t\t<div class=\"elementor-container elementor-column-gap-default\">\r\n\t\t\t\t\t<div class=\"elementor-column elementor-col-50 elementor-top-column elementor-element elementor-element-4eb10fc\" data-id=\"4eb10fc\" data-element_type=\"column\">\r\n\t\t\t<div class=\"elementor-widget-wrap elementor-element-populated\">\r\n\t\t\t\t\t\t\t\t<div class=\"elementor-element elementor-element-c66ac6e elementor-widget elementor-widget-image\" data-id=\"c66ac6e\" data-element_type=\"widget\" data-widget_type=\"image.default\">\r\n\t\t\t\t<div class=\"elementor-widget-container\">\r\n\t\t\t\t\t<div class=\"elementor-image\">\r\n\t\t\t\t\t\t\t<figure class=\"wp-caption\">\r\n\t\t\t\t\t\t\t\t\t\t\t<a href=\"https:\/\/proveaanalysis.com\/\">\r\n\t\t\t\t\t\t\t<img width=\"768\" height=\"555\" src=\"http:\/\/aveobilisim.com\/wp-content\/uploads\/2021\/04\/about2-768x555.png\" class=\"attachment-medium_large size-medium_large\" alt=\"\" loading=\"lazy\" srcset=\"http:\/\/aveobilisim.com\/wp-content\/uploads\/2021\/04\/about2-768x555.png 768w, http:\/\/aveobilisim.com\/wp-content\/uploads\/2021\/04\/about2-300x217.png 300w, http:\/\/aveobilisim.com\/wp-content\/uploads\/2021\/04\/about2-1024x740.png 1024w, http:\/\/aveobilisim.com\/wp-content\/uploads\/2021\/04\/about2.png 1384w\" sizes=\"(max-width: 768px) 100vw, 768px\" \/>\t\t\t\t\t\t\t\t<\/a>\r\n\t\t\t\t\t\t\t\t\t\t\t<figcaption class=\"widget-image-caption wp-caption-text\"><\/figcaption>\r\n\t\t\t\t\t\t\t\t\t\t<\/figure>\r\n\t\t\t\t\t<\/div>\r\n\t\t\t\t<\/div>\r\n\t\t\t\t<\/div>\r\n\t\t\t\t\t<\/div>\r\n\t\t<\/div>\r\n\t\t\t\t<div class=\"elementor-column elementor-col-50 elementor-top-column elementor-element elementor-element-d1dfe14\" data-id=\"d1dfe14\" data-element_type=\"column\">\r\n\t\t\t<div class=\"elementor-widget-wrap elementor-element-populated\">\r\n\t\t\t\t\t\t\t\t<div class=\"elementor-element elementor-element-a1bc98c elementor-widget elementor-widget-text-editor\" data-id=\"a1bc98c\" data-element_type=\"widget\" data-widget_type=\"text-editor.default\">\r\n\t\t\t\t<div class=\"elementor-widget-container\">\r\n\t\t\t\t\t<div class=\"elementor-text-editor elementor-clearfix\"><p style=\"margin: 0in 0in 19.2pt; text-align: justify; background-image: initial; background-position: initial; background-size: initial; background-repeat: initial; background-attachment: initial; background-origin: initial; background-clip: initial;\"><span lang=\"TR\" style=\"font-size: 11.5pt; font-family: 'Arial',sans-serif; color: black; mso-color-alt: windowtext;\">AVEO Bili\u015fim M\u00fchendislik Proje ve M\u00fc\u015favirlik Denetim Ticaret Limited \u015eirketi May\u0131s 2012&#8217;de faaliyetlerine ba\u015flam\u0131\u015ft\u0131r. \u015eirketimiz, Ar-Ge projeleri haz\u0131rlamak, yat\u0131r\u0131m ve finansman dan\u0131\u015fmanl\u0131\u011f\u0131 hizmetleri vermek, yerel, b\u00f6lgesel ve ulusal yat\u0131r\u0131m projeleri i\u00e7in fizibilite \u00e7al\u0131\u015fmalar\u0131 haz\u0131rlamak amac\u0131yla kurulmu\u015ftur. Tar\u0131m sekt\u00f6r\u00fcnde giri\u015fimciler, \u015firketler ve STK&#8217;lar i\u00e7in ulusal veya uluslararas\u0131 hibe programlar\u0131ndan yararlanmak \u00fczere projeler geli\u015ftirilmi\u015f ve \u00e7al\u0131\u015fmalar s\u00fcrd\u00fcr\u00fclmektedir.<\/span><\/p><p style=\"margin: 0in 0in 19.2pt; text-align: justify; background-image: initial; background-position: initial; background-size: initial; background-repeat: initial; background-attachment: initial; background-origin: initial; background-clip: initial;\"><span lang=\"TR\" style=\"font-size: 11.5pt; font-family: 'Arial',sans-serif; color: black; mso-color-alt: windowtext;\">Bir Tar\u0131m 4.0 uygulamas\u0131 olan \u2018PROVEA Hassas Tar\u0131m Karar Destek Sistemi\u2019 2016 y\u0131l\u0131nda tar\u0131msal \u00fcr\u00fcnlerde verimlilik\/rekolte, hastal\u0131k\/zararl\u0131 etkisi ve hasar tespiti hakk\u0131nda y\u00fcksek do\u011frulukta \u00e7\u00f6z\u00fcm sunmak amac\u0131yla geli\u015ftirilmeye ba\u015flanm\u0131\u015ft\u0131r. Sistem, bilgi teknolojilerine dayal\u0131 olarak, g\u00f6r\u00fcnt\u00fc i\u015fleme ve makine \u00f6\u011frenme teknikleri ile insans\u0131z hava ara\u00e7lar\u0131 kullan\u0131larak geli\u015ftirilmektedir. <\/span><\/p><p style=\"margin: 0in 0in 19.2pt; text-align: justify; background-image: initial; background-position: initial; background-size: initial; background-repeat: initial; background-attachment: initial; background-origin: initial; background-clip: initial;\"><span lang=\"TR\" style=\"font-size: 11.5pt; font-family: 'Arial',sans-serif; color: black; mso-color-alt: windowtext;\">Elde edilen ba\u015far\u0131l\u0131 sonu\u00e7lar, bizi makine \u00f6\u011frenimi teknikleri ve istatistiksel y\u00f6ntemler yard\u0131m\u0131yla farkl\u0131 tar\u0131msal \u00fcr\u00fcnler i\u00e7in de verim\/rekolte belirleme, bitki sa\u011fl\u0131\u011f\u0131, bitki besleme, su stresi\u00a0 ve don\/dolu etkisi gibi hasar belirlemeye y\u00f6nelik yeni algoritmalar geli\u015ftirilmeye y\u00f6nlendirmi\u015ftir. Yap\u0131lan \u00e7al\u0131\u015fmalar sonucunda PROVEA Hassas Tar\u0131m Karar Destek Sistem uygulamas\u0131 ile tar\u0131m sekt\u00f6r\u00fcne y\u00f6nelik BT \u00e7\u00f6z\u00fcmleri altyap\u0131s\u0131 olu\u015fturulmu\u015f olup, raporlamalar yap\u0131lmaktad\u0131r.\u00a0Ayr\u0131ca tarla bitkilerinin uydu \u00fczerinden zaman serileri halinde takibi i\u00e7in PROVEA SATELL\u0130TE geli\u015ftirilmi\u015f olup, bitki sa\u011fl\u0131\u011f\u0131, bitki beslemesi ve su stresi raporlamalar\u0131 yap\u0131lmaktad\u0131r.<\/span><\/p><p style=\"margin: 0in 0in 19.2pt; text-align: justify; background-image: initial; background-position: initial; background-size: initial; background-repeat: initial; background-attachment: initial; background-origin: initial; background-clip: initial;\"><span lang=\"TR\" style=\"font-size: 11.5pt; font-family: 'Arial',sans-serif; color: black; mso-color-alt: windowtext;\">\u015eirketimiz Ocak 2021 tarihinden itibaren AVEO Bili\u015fim Teknolojileri A.\u015e. haline d\u00f6n\u00fc\u015fm\u00fc\u015f olup, OST\u0130M Teknopark\u2019ta t\u00fcm tar\u0131msal \u00fcr\u00fcnlere y\u00f6nelik sistem geli\u015ftirilme \u00e7al\u0131\u015fmalar\u0131na devam etmekte ve \u00fcreticilere hizmeti vermektedir.<\/span><\/p><\/div>\r\n\t\t\t\t<\/div>\r\n\t\t\t\t<\/div>\r\n\t\t\t\t\t<\/div>\r\n\t\t<\/div>\r\n\t\t\t\t\t\t\t<\/div>\r\n\t\t<\/section>\r\n\t\t\t\t<section class=\"elementor-section elementor-top-section elementor-element elementor-element-7b4be89 elementor-section-boxed elementor-section-height-default elementor-section-height-default\" data-id=\"7b4be89\" data-element_type=\"section\">\r\n\t\t\t\t\t\t<div class=\"elementor-container elementor-column-gap-default\">\r\n\t\t\t\t\t<div class=\"elementor-column elementor-col-100 elementor-top-column elementor-element elementor-element-fed63f8\" data-id=\"fed63f8\" data-element_type=\"column\">\r\n\t\t\t<div class=\"elementor-widget-wrap elementor-element-populated\">\r\n\t\t\t\t\t\t\t\t<div class=\"elementor-element elementor-element-2e894b5 elementor-widget elementor-widget-heading\" data-id=\"2e894b5\" data-element_type=\"widget\" data-widget_type=\"heading.default\">\r\n\t\t\t\t<div class=\"elementor-widget-container\">\r\n\t\t\t<h3 class=\"elementor-heading-title elementor-size-large\"><a href=\"http:\/\/aveobilisim.com.tr\/tech\/?page_id=38\">\u00dcR\u00dcNLER\u0130M\u0130Z<\/a><\/h3>\t\t<\/div>\r\n\t\t\t\t<\/div>\r\n\t\t\t\t\t<\/div>\r\n\t\t<\/div>\r\n\t\t\t\t\t\t\t<\/div>\r\n\t\t<\/section>\r\n\t\t\t\t<section class=\"elementor-section elementor-top-section elementor-element elementor-element-2bb9c7f elementor-section-boxed elementor-section-height-default elementor-section-height-default\" data-id=\"2bb9c7f\" data-element_type=\"section\">\r\n\t\t\t\t\t\t<div class=\"elementor-container elementor-column-gap-default\">\r\n\t\t\t\t\t<div class=\"elementor-column elementor-col-50 elementor-top-column elementor-element elementor-element-d44e7fa\" data-id=\"d44e7fa\" data-element_type=\"column\">\r\n\t\t\t<div class=\"elementor-widget-wrap elementor-element-populated\">\r\n\t\t\t\t\t\t\t\t<div class=\"elementor-element elementor-element-680729f elementor-widget elementor-widget-text-editor\" data-id=\"680729f\" data-element_type=\"widget\" data-widget_type=\"text-editor.default\">\r\n\t\t\t\t<div class=\"elementor-widget-container\">\r\n\t\t\t\t\t<div class=\"elementor-text-editor elementor-clearfix\"><h5><a href=\"http:\/\/aveobilisim.com.tr\/?page_id=168\"><span style=\"color: #333399;\"><strong>Provea Analysis<\/strong><\/span><\/a><\/h5><\/div>\r\n\t\t\t\t<\/div>\r\n\t\t\t\t<\/div>\r\n\t\t\t\t<div class=\"elementor-element elementor-element-8426e55 elementor-widget elementor-widget-image\" data-id=\"8426e55\" data-element_type=\"widget\" data-widget_type=\"image.default\">\r\n\t\t\t\t<div class=\"elementor-widget-container\">\r\n\t\t\t\t\t<div class=\"elementor-image\">\r\n\t\t\t\t\t\t\t\t\t\t\t<a href=\"http:\/\/aveobilisim.com\/?page_id=168\">\r\n\t\t\t\t\t\t\t<img width=\"900\" height=\"500\" src=\"http:\/\/aveobilisim.com\/wp-content\/uploads\/2021\/04\/about3.png\" class=\"attachment-large size-large\" alt=\"\" loading=\"lazy\" srcset=\"http:\/\/aveobilisim.com\/wp-content\/uploads\/2021\/04\/about3.png 900w, http:\/\/aveobilisim.com\/wp-content\/uploads\/2021\/04\/about3-300x167.png 300w, http:\/\/aveobilisim.com\/wp-content\/uploads\/2021\/04\/about3-768x427.png 768w\" sizes=\"(max-width: 900px) 100vw, 900px\" \/>\t\t\t\t\t\t\t\t<\/a>\r\n\t\t\t\t\t\t\t\t\t\t\t<\/div>\r\n\t\t\t\t<\/div>\r\n\t\t\t\t<\/div>\r\n\t\t\t\t\t<\/div>\r\n\t\t<\/div>\r\n\t\t\t\t<div class=\"elementor-column elementor-col-50 elementor-top-column elementor-element elementor-element-fd39840\" data-id=\"fd39840\" data-element_type=\"column\">\r\n\t\t\t<div class=\"elementor-widget-wrap elementor-element-populated\">\r\n\t\t\t\t\t\t\t\t<div class=\"elementor-element elementor-element-0949f83 elementor-widget elementor-widget-text-editor\" data-id=\"0949f83\" data-element_type=\"widget\" data-widget_type=\"text-editor.default\">\r\n\t\t\t\t<div class=\"elementor-widget-container\">\r\n\t\t\t\t\t<div class=\"elementor-text-editor elementor-clearfix\"><h5><span style=\"color: #333399;\"><strong>Provea Satellite<\/strong><\/span><\/h5><\/div>\r\n\t\t\t\t<\/div>\r\n\t\t\t\t<\/div>\r\n\t\t\t\t<div class=\"elementor-element elementor-element-14d0f4d elementor-widget elementor-widget-image\" data-id=\"14d0f4d\" data-element_type=\"widget\" data-widget_type=\"image.default\">\r\n\t\t\t\t<div class=\"elementor-widget-container\">\r\n\t\t\t\t\t<div class=\"elementor-image\">\r\n\t\t\t\t\t\t\t\t\t\t\t<a href=\"http:\/\/aveobilisim.com\/?page_id=38\">\r\n\t\t\t\t\t\t\t<img width=\"715\" height=\"402\" src=\"http:\/\/aveobilisim.com\/wp-content\/uploads\/2021\/04\/about4.jpg\" class=\"attachment-large size-large\" alt=\"\" loading=\"lazy\" srcset=\"http:\/\/aveobilisim.com\/wp-content\/uploads\/2021\/04\/about4.jpg 715w, http:\/\/aveobilisim.com\/wp-content\/uploads\/2021\/04\/about4-300x169.jpg 300w\" sizes=\"(max-width: 715px) 100vw, 715px\" \/>\t\t\t\t\t\t\t\t<\/a>\r\n\t\t\t\t\t\t\t\t\t\t\t<\/div>\r\n\t\t\t\t<\/div>\r\n\t\t\t\t<\/div>\r\n\t\t\t\t\t<\/div>\r\n\t\t<\/div>\r\n\t\t\t\t\t\t\t<\/div>\r\n\t\t<\/section>\r\n\t\t\t\t<section class=\"elementor-section elementor-top-section elementor-element elementor-element-3efe6cc elementor-section-boxed elementor-section-height-default elementor-section-height-default\" data-id=\"3efe6cc\" data-element_type=\"section\">\r\n\t\t\t\t\t\t<div class=\"elementor-container elementor-column-gap-default\">\r\n\t\t\t\t\t<div class=\"elementor-column elementor-col-100 elementor-top-column elementor-element elementor-element-edda28f\" data-id=\"edda28f\" data-element_type=\"column\">\r\n\t\t\t<div class=\"elementor-widget-wrap elementor-element-populated\">\r\n\t\t\t\t\t\t\t\t<div class=\"elementor-element elementor-element-430cfd2 elementor-widget elementor-widget-heading\" data-id=\"430cfd2\" data-element_type=\"widget\" data-widget_type=\"heading.default\">\r\n\t\t\t\t<div class=\"elementor-widget-container\">\r\n\t\t\t<h3 class=\"elementor-heading-title elementor-size-large\">TAKIM<\/h3>\t\t<\/div>\r\n\t\t\t\t<\/div>\r\n\t\t\t\t\t<\/div>\r\n\t\t<\/div>\r\n\t\t\t\t\t\t\t<\/div>\r\n\t\t<\/section>\r\n\t\t\t\t<section class=\"elementor-section elementor-top-section elementor-element elementor-element-b0b45cd elementor-section-boxed elementor-section-height-default elementor-section-height-default\" data-id=\"b0b45cd\" data-element_type=\"section\">\r\n\t\t\t\t\t\t<div class=\"elementor-container elementor-column-gap-default\">\r\n\t\t\t\t\t<div class=\"elementor-column elementor-col-33 elementor-top-column elementor-element elementor-element-5d32ee9\" data-id=\"5d32ee9\" data-element_type=\"column\">\r\n\t\t\t<div class=\"elementor-widget-wrap elementor-element-populated\">\r\n\t\t\t\t\t\t\t\t<div class=\"elementor-element elementor-element-4af2d50 elementor-widget elementor-widget-image\" data-id=\"4af2d50\" data-element_type=\"widget\" data-widget_type=\"image.default\">\r\n\t\t\t\t<div class=\"elementor-widget-container\">\r\n\t\t\t\t\t<div class=\"elementor-image\">\r\n\t\t\t\t\t\t\t\t\t\t<img width=\"366\" height=\"258\" src=\"http:\/\/aveobilisim.com\/wp-content\/uploads\/2021\/04\/about6.png\" class=\"attachment-large size-large\" alt=\"\" loading=\"lazy\" srcset=\"http:\/\/aveobilisim.com\/wp-content\/uploads\/2021\/04\/about6.png 366w, http:\/\/aveobilisim.com\/wp-content\/uploads\/2021\/04\/about6-300x211.png 300w\" sizes=\"(max-width: 366px) 100vw, 366px\" \/>\t\t\t\t\t\t\t\t\t\t\t<\/div>\r\n\t\t\t\t<\/div>\r\n\t\t\t\t<\/div>\r\n\t\t\t\t<div class=\"elementor-element elementor-element-f68d7a5 elementor-widget elementor-widget-text-editor\" data-id=\"f68d7a5\" data-element_type=\"widget\" data-widget_type=\"text-editor.default\">\r\n\t\t\t\t<div class=\"elementor-widget-container\">\r\n\t\t\t\t\t<div class=\"elementor-text-editor elementor-clearfix\"><h4 style=\"text-align: center;\"><span style=\"color: #000000;\"><strong>Dr. AY\u015eE AY\u015eEN KARAKA\u015e<\/strong><\/span><\/h4>\n<h4 style=\"text-align: center;\"><span style=\"color: #333399;\"><strong>KURUCU ORTAK<\/strong><\/span><\/h4>\n<h6 style=\"text-align: center;\"><span style=\"color: #808080;\"><strong>TARIM EKONOM\u0130ST\u0130<\/strong><\/span><\/h6><\/div>\r\n\t\t\t\t<\/div>\r\n\t\t\t\t<\/div>\r\n\t\t\t\t\t<\/div>\r\n\t\t<\/div>\r\n\t\t\t\t<div class=\"elementor-column elementor-col-33 elementor-top-column elementor-element elementor-element-9077393\" data-id=\"9077393\" data-element_type=\"column\">\r\n\t\t\t<div class=\"elementor-widget-wrap elementor-element-populated\">\r\n\t\t\t\t\t\t\t\t<div class=\"elementor-element elementor-element-34a5568 elementor-widget elementor-widget-image\" data-id=\"34a5568\" data-element_type=\"widget\" data-widget_type=\"image.default\">\r\n\t\t\t\t<div class=\"elementor-widget-container\">\r\n\t\t\t\t\t<div class=\"elementor-image\">\r\n\t\t\t\t\t\t\t\t\t\t<img width=\"366\" height=\"258\" src=\"http:\/\/aveobilisim.com\/wp-content\/uploads\/2021\/04\/about5.png\" class=\"attachment-large size-large\" alt=\"\" loading=\"lazy\" srcset=\"http:\/\/aveobilisim.com\/wp-content\/uploads\/2021\/04\/about5.png 366w, http:\/\/aveobilisim.com\/wp-content\/uploads\/2021\/04\/about5-300x211.png 300w\" sizes=\"(max-width: 366px) 100vw, 366px\" \/>\t\t\t\t\t\t\t\t\t\t\t<\/div>\r\n\t\t\t\t<\/div>\r\n\t\t\t\t<\/div>\r\n\t\t\t\t<div class=\"elementor-element elementor-element-8ce5e70 elementor-widget elementor-widget-text-editor\" data-id=\"8ce5e70\" data-element_type=\"widget\" data-widget_type=\"text-editor.default\">\r\n\t\t\t\t<div class=\"elementor-widget-container\">\r\n\t\t\t\t\t<div class=\"elementor-text-editor elementor-clearfix\"><h4 style=\"text-align: center;\"><span style=\"color: #000000;\"><strong>OSMAN SELAM\u0130 BUDAK<\/strong><\/span><\/h4>\n<h4 style=\"text-align: center;\"><strong><span style=\"color: #333399;\">KURUCU ORTAK<\/span><\/strong><\/h4>\n<h6 style=\"text-align: center;\"><span style=\"color: #808080;\"><strong>ELEKTRON\u0130K HABERLE\u015eME M\u00dcHEND\u0130S\u0130<\/strong><\/h6><\/div>\r\n\t\t\t\t<\/div>\r\n\t\t\t\t<\/div>\r\n\t\t\t\t\t<\/div>\r\n\t\t<\/div>\r\n\t\t\t\t<div class=\"elementor-column elementor-col-33 elementor-top-column elementor-element elementor-element-04228ea\" data-id=\"04228ea\" data-element_type=\"column\">\r\n\t\t\t<div class=\"elementor-widget-wrap elementor-element-populated\">\r\n\t\t\t\t\t\t\t\t<div class=\"elementor-element elementor-element-ce1fee7 elementor-widget elementor-widget-image\" data-id=\"ce1fee7\" data-element_type=\"widget\" data-widget_type=\"image.default\">\r\n\t\t\t\t<div class=\"elementor-widget-container\">\r\n\t\t\t\t\t<div class=\"elementor-image\">\r\n\t\t\t\t\t\t\t\t\t\t<img src=\"http:\/\/aveobilisim.com\/wp-content\/uploads\/elementor\/thumbs\/ozkan-pl64icsir2w09fauo5oux4tcapzfvwuucbb3ixlpdw.jpg\" title=\"\u00f6zkan\" alt=\"\u00f6zkan\" \/>\t\t\t\t\t\t\t\t\t\t\t<\/div>\r\n\t\t\t\t<\/div>\r\n\t\t\t\t<\/div>\r\n\t\t\t\t<div class=\"elementor-element elementor-element-54edaed elementor-widget elementor-widget-text-editor\" data-id=\"54edaed\" data-element_type=\"widget\" data-widget_type=\"text-editor.default\">\r\n\t\t\t\t<div class=\"elementor-widget-container\">\r\n\t\t\t\t\t<div class=\"elementor-text-editor elementor-clearfix\"><h4 style=\"text-align: center;\"><span style=\"color: #000000;\"><strong>Dr. \u00d6ZKAN KILI\u00c7<\/strong><\/span><\/h4><h6 style=\"text-align: center;\"><span style=\"color: #808080;\"><strong>L\u0130DER VER\u0130 B\u0130L\u0130MC\u0130<\/strong><\/span><\/h6><h4>\u00a0<\/h4><\/div>\r\n\t\t\t\t<\/div>\r\n\t\t\t\t<\/div>\r\n\t\t\t\t\t<\/div>\r\n\t\t<\/div>\r\n\t\t\t\t\t\t\t<\/div>\r\n\t\t<\/section>\r\n\t\t\t\t<section class=\"elementor-section elementor-top-section elementor-element elementor-element-5113cdf elementor-section-boxed elementor-section-height-default elementor-section-height-default\" data-id=\"5113cdf\" data-element_type=\"section\">\r\n\t\t\t\t\t\t<div class=\"elementor-container elementor-column-gap-default\">\r\n\t\t\t\t\t\t\t\t<\/div>\r\n\t\t<\/section>\r\n\t\t\t\t<section class=\"elementor-section elementor-top-section elementor-element elementor-element-c265a3c elementor-section-boxed elementor-section-height-default elementor-section-height-default\" data-id=\"c265a3c\" data-element_type=\"section\">\r\n\t\t\t\t\t\t<div class=\"elementor-container elementor-column-gap-default\">\r\n\t\t\t\t\t<div class=\"elementor-column elementor-col-50 elementor-top-column elementor-element elementor-element-4377c73\" data-id=\"4377c73\" data-element_type=\"column\">\r\n\t\t\t<div class=\"elementor-widget-wrap elementor-element-populated\">\r\n\t\t\t\t\t\t\t\t<div class=\"elementor-element elementor-element-232bef4 elementor-widget elementor-widget-image\" data-id=\"232bef4\" data-element_type=\"widget\" data-widget_type=\"image.default\">\r\n\t\t\t\t<div class=\"elementor-widget-container\">\r\n\t\t\t\t\t<div class=\"elementor-image\">\r\n\t\t\t\t\t\t\t\t\t\t<img src=\"http:\/\/aveobilisim.com.tr\/tech\/wp-content\/uploads\/2021\/03\/Men-Profile-Image-1024x941-1.png\" title=\"\" alt=\"\" \/>\t\t\t\t\t\t\t\t\t\t\t<\/div>\r\n\t\t\t\t<\/div>\r\n\t\t\t\t<\/div>\r\n\t\t\t\t<div class=\"elementor-element elementor-element-fd3252f elementor-widget elementor-widget-text-editor\" data-id=\"fd3252f\" data-element_type=\"widget\" data-widget_type=\"text-editor.default\">\r\n\t\t\t\t<div class=\"elementor-widget-container\">\r\n\t\t\t\t\t<div class=\"elementor-text-editor elementor-clearfix\"><h4 style=\"text-align: center;\"><strong><span style=\"color: #000000;\">YEKTA CAN YILDIRIM<\/span><\/strong><\/h4><h6 style=\"text-align: center;\"><span style=\"color: #333333;\"><strong>YAZILIM M\u00dcHEND\u0130S\u0130<\/strong><\/span><\/h6><\/div>\r\n\t\t\t\t<\/div>\r\n\t\t\t\t<\/div>\r\n\t\t\t\t\t<\/div>\r\n\t\t<\/div>\r\n\t\t\t\t<div class=\"elementor-column elementor-col-50 elementor-top-column elementor-element elementor-element-df11c66\" data-id=\"df11c66\" data-element_type=\"column\">\r\n\t\t\t<div class=\"elementor-widget-wrap elementor-element-populated\">\r\n\t\t\t\t\t\t\t\t<div class=\"elementor-element elementor-element-1045546 elementor-widget elementor-widget-image\" data-id=\"1045546\" data-element_type=\"widget\" data-widget_type=\"image.default\">\r\n\t\t\t\t<div class=\"elementor-widget-container\">\r\n\t\t\t\t\t<div class=\"elementor-image\">\r\n\t\t\t\t\t\t\t\t\t\t<img src=\"http:\/\/aveobilisim.com.tr\/tech\/wp-content\/uploads\/2021\/03\/imageedit_10_5200446147.png\" title=\"\" alt=\"\" \/>\t\t\t\t\t\t\t\t\t\t\t<\/div>\r\n\t\t\t\t<\/div>\r\n\t\t\t\t<\/div>\r\n\t\t\t\t<div class=\"elementor-element elementor-element-12561fb elementor-widget elementor-widget-text-editor\" data-id=\"12561fb\" data-element_type=\"widget\" data-widget_type=\"text-editor.default\">\r\n\t\t\t\t<div class=\"elementor-widget-container\">\r\n\t\t\t\t\t<div class=\"elementor-text-editor elementor-clearfix\"><h4 style=\"text-align: center;\"><span style=\"color: #000000;\"><strong>EBRU ORAK\u00c7IO\u011eLU<\/strong><\/span><\/h4><h6 style=\"text-align: center;\"><strong>YAZILIM M\u00dcHEND\u0130S\u0130<\/strong><\/h6><\/div>\r\n\t\t\t\t<\/div>\r\n\t\t\t\t<\/div>\r\n\t\t\t\t\t<\/div>\r\n\t\t<\/div>\r\n\t\t\t\t\t\t\t<\/div>\r\n\t\t<\/section>\r\n\t\t\t\t\t\t<\/div>\r\n\t\t\t\t\t<\/div>\r\n\t\t","protected":false},"excerpt":{"rendered":"<p>Hakk\u0131m\u0131zda AVEO Bili\u015fim M\u00fchendislik Proje ve M\u00fc\u015favirlik Denetim Ticaret Limited \u015eirketi May\u0131s 2012&#8217;de faaliyetlerine ba\u015flam\u0131\u015ft\u0131r. \u015eirketimiz, Ar-Ge projeleri haz\u0131rlamak, yat\u0131r\u0131m ve finansman dan\u0131\u015fmanl\u0131\u011f\u0131 hizmetleri vermek, yerel, b\u00f6lgesel ve ulusal yat\u0131r\u0131m projeleri i\u00e7in fizibilite \u00e7al\u0131\u015fmalar\u0131 haz\u0131rlamak amac\u0131yla kurulmu\u015ftur. Tar\u0131m sekt\u00f6r\u00fcnde giri\u015fimciler, \u015firketler ve STK&#8217;lar i\u00e7in ulusal veya uluslararas\u0131 hibe programlar\u0131ndan yararlanmak \u00fczere projeler geli\u015ftirilmi\u015f ve \u00e7al\u0131\u015fmalar &hellip;<\/p>\n<p class=\"read-more\"> <a class=\"\" href=\"http:\/\/aveobilisim.com\/?page_id=36\"> <span class=\"screen-reader-text\">Hakk\u0131m\u0131zda<\/span> Read More &raquo;<\/a><\/p>\n","protected":false},"author":2,"featured_media":0,"parent":0,"menu_order":0,"comment_status":"closed","ping_status":"closed","template":"","meta":[],"_links":{"self":[{"href":"http:\/\/aveobilisim.com\/index.php?rest_route=\/wp\/v2\/pages\/36"}],"collection":[{"href":"http:\/\/aveobilisim.com\/index.php?rest_route=\/wp\/v2\/pages"}],"about":[{"href":"http:\/\/aveobilisim.com\/index.php?rest_route=\/wp\/v2\/types\/page"}],"author":[{"embeddable":true,"href":"http:\/\/aveobilisim.com\/index.php?rest_route=\/wp\/v2\/users\/2"}],"replies":[{"embeddable":true,"href":"http:\/\/aveobilisim.com\/index.php?rest_route=%2Fwp%2Fv2%2Fcomments&post=36"}],"version-history":[{"count":9,"href":"http:\/\/aveobilisim.com\/index.php?rest_route=\/wp\/v2\/pages\/36\/revisions"}],"predecessor-version":[{"id":2912,"href":"http:\/\/aveobilisim.com\/index.php?rest_route=\/wp\/v2\/pages\/36\/revisions\/2912"}],"wp:attachment":[{"href":"http:\/\/aveobilisim.com\/index.php?rest_route=%2Fwp%2Fv2%2Fmedia&parent=36"}],"curies":[{"name":"wp","href":"https:\/\/api.w.org\/{rel}","templated":true}]}}