{"id":38,"date":"2021-03-29T06:33:54","date_gmt":"2021-03-29T06:33:54","guid":{"rendered":"http:\/\/aveobilisim.com.tr\/tech\/?page_id=38"},"modified":"2022-07-26T08:19:40","modified_gmt":"2022-07-26T08:19:40","slug":"urunlerimiz-2","status":"publish","type":"page","link":"http:\/\/aveobilisim.com\/?page_id=38","title":{"rendered":"Provea Satellite"},"content":{"rendered":"\t\t<div data-elementor-type=\"wp-page\" data-elementor-id=\"38\" class=\"elementor elementor-38\" data-elementor-settings=\"[]\">\r\n\t\t\t\t\t\t\t<div class=\"elementor-section-wrap\">\r\n\t\t\t\t\t\t\t<section class=\"elementor-section elementor-top-section elementor-element elementor-element-2382ae0 elementor-section-full_width elementor-section-height-default elementor-section-height-default\" data-id=\"2382ae0\" data-element_type=\"section\">\r\n\t\t\t\t\t\t<div class=\"elementor-container elementor-column-gap-no\">\r\n\t\t\t\t\t<div class=\"elementor-column elementor-col-100 elementor-top-column elementor-element elementor-element-3b57182\" data-id=\"3b57182\" data-element_type=\"column\">\r\n\t\t\t<div class=\"elementor-widget-wrap elementor-element-populated\">\r\n\t\t\t\t\t\t\t\t<div class=\"elementor-element elementor-element-7a2108c elementor-widget elementor-widget-image\" data-id=\"7a2108c\" data-element_type=\"widget\" data-widget_type=\"image.default\">\r\n\t\t\t\t<div class=\"elementor-widget-container\">\r\n\t\t\t\t\t<div class=\"elementor-image\">\r\n\t\t\t\t\t\t\t\t\t\t\t<a href=\"http:\/\/proveasatellite.com\/webapp\/login\">\r\n\t\t\t\t\t\t\t<img width=\"1920\" height=\"575\" src=\"http:\/\/aveobilisim.com\/wp-content\/uploads\/2021\/04\/provea_s1.png\" class=\"attachment-full size-full\" alt=\"\" loading=\"lazy\" srcset=\"http:\/\/aveobilisim.com\/wp-content\/uploads\/2021\/04\/provea_s1.png 1920w, http:\/\/aveobilisim.com\/wp-content\/uploads\/2021\/04\/provea_s1-300x90.png 300w, http:\/\/aveobilisim.com\/wp-content\/uploads\/2021\/04\/provea_s1-1024x307.png 1024w, http:\/\/aveobilisim.com\/wp-content\/uploads\/2021\/04\/provea_s1-768x230.png 768w, http:\/\/aveobilisim.com\/wp-content\/uploads\/2021\/04\/provea_s1-1536x460.png 1536w\" sizes=\"(max-width: 1920px) 100vw, 1920px\" \/>\t\t\t\t\t\t\t\t<\/a>\r\n\t\t\t\t\t\t\t\t\t\t\t<\/div>\r\n\t\t\t\t<\/div>\r\n\t\t\t\t<\/div>\r\n\t\t\t\t<div class=\"elementor-element elementor-element-04368a6 elementor-widget elementor-widget-text-editor\" data-id=\"04368a6\" data-element_type=\"widget\" data-widget_type=\"text-editor.default\">\r\n\t\t\t\t<div class=\"elementor-widget-container\">\r\n\t\t\t\t\t<div class=\"elementor-text-editor elementor-clearfix\"><h6><a href=\"http:\/\/proveasatellite.com\/webapp\/login\"><span style=\"text-decoration: underline; color: #ffffff;\"><strong>http:\/\/proveasatellite.com<\/strong><\/span><\/a><\/h6><\/div>\r\n\t\t\t\t<\/div>\r\n\t\t\t\t<\/div>\r\n\t\t\t\t<div class=\"elementor-element elementor-element-487ea4c elementor-hidden-tablet elementor-hidden-phone elementor-widget elementor-widget-heading\" data-id=\"487ea4c\" data-element_type=\"widget\" data-widget_type=\"heading.default\">\r\n\t\t\t\t<div class=\"elementor-widget-container\">\r\n\t\t\t<h1 class=\"elementor-heading-title elementor-size-large\"><a href=\"http:\/\/proveasatellite.com\/webapp\/login\">Provea Satellite<\/a><\/h1>\t\t<\/div>\r\n\t\t\t\t<\/div>\r\n\t\t\t\t\t<\/div>\r\n\t\t<\/div>\r\n\t\t\t\t\t\t\t<\/div>\r\n\t\t<\/section>\r\n\t\t\t\t<section class=\"elementor-section elementor-top-section elementor-element elementor-element-45aec98 elementor-section-boxed elementor-section-height-default elementor-section-height-default\" data-id=\"45aec98\" data-element_type=\"section\">\r\n\t\t\t\t\t\t<div class=\"elementor-container elementor-column-gap-default\">\r\n\t\t\t\t\t<div class=\"elementor-column elementor-col-100 elementor-top-column elementor-element elementor-element-78d0fab\" data-id=\"78d0fab\" data-element_type=\"column\">\r\n\t\t\t<div class=\"elementor-widget-wrap elementor-element-populated\">\r\n\t\t\t\t\t\t\t\t<div class=\"elementor-element elementor-element-a705733 elementor-widget elementor-widget-text-editor\" data-id=\"a705733\" data-element_type=\"widget\" data-widget_type=\"text-editor.default\">\r\n\t\t\t\t<div class=\"elementor-widget-container\">\r\n\t\t\t\t\t<div class=\"elementor-text-editor elementor-clearfix\"><h4 style=\"text-align: left;\"><span style=\"color: #000000;\"><strong>&nbsp;HASSAS TARIMDA UYDU G\u00d6R\u00dcNT\u00dcLER\u0130<\/strong><\/span><\/h4>\n<p style=\"text-align: left;\"><span lang=\"TR\" style=\"font-size: 11.5pt; line-height: 107%; font-family: Arial, sans-serif; color: #000000; background-image: initial; background-position: initial; background-size: initial; background-repeat: initial; background-attachment: initial; background-origin: initial; background-clip: initial;\">Provea Satellite,&nbsp; uydu g\u00f6r\u00fcnt\u00fclerini zaman serileri halinde kullanarak bitki sa\u011fl\u0131\u011f\u0131, su stresi ve nitrojen izleme hizmetleri sunan bir web servistir. Provea Hassas Tar\u0131m Karar Destek Sistemi&nbsp;ile entegre olarak uygulanmaktad\u0131r.&nbsp;&nbsp;<\/span><\/p><\/div>\r\n\t\t\t\t<\/div>\r\n\t\t\t\t<\/div>\r\n\t\t\t\t\t<\/div>\r\n\t\t<\/div>\r\n\t\t\t\t\t\t\t<\/div>\r\n\t\t<\/section>\r\n\t\t\t\t<section class=\"elementor-section elementor-top-section elementor-element elementor-element-848099d elementor-section-boxed elementor-section-height-default elementor-section-height-default\" data-id=\"848099d\" data-element_type=\"section\">\r\n\t\t\t\t\t\t<div class=\"elementor-container elementor-column-gap-default\">\r\n\t\t\t\t\t<div class=\"elementor-column elementor-col-100 elementor-top-column elementor-element elementor-element-f4e0816\" data-id=\"f4e0816\" data-element_type=\"column\">\r\n\t\t\t<div class=\"elementor-widget-wrap elementor-element-populated\">\r\n\t\t\t\t\t\t\t\t<div class=\"elementor-element elementor-element-db552f5 elementor-widget elementor-widget-heading\" data-id=\"db552f5\" data-element_type=\"widget\" data-widget_type=\"heading.default\">\r\n\t\t\t\t<div class=\"elementor-widget-container\">\r\n\t\t\t<h3 class=\"elementor-heading-title elementor-size-default\">Uydu Bantlar\u0131yla Olu\u015fturulan <\/h3>\t\t<\/div>\r\n\t\t\t\t<\/div>\r\n\t\t\t\t\t<\/div>\r\n\t\t<\/div>\r\n\t\t\t\t\t\t\t<\/div>\r\n\t\t<\/section>\r\n\t\t\t\t<section class=\"elementor-section elementor-top-section elementor-element elementor-element-4b35a47 elementor-section-boxed elementor-section-height-default elementor-section-height-default\" data-id=\"4b35a47\" data-element_type=\"section\">\r\n\t\t\t\t\t\t<div class=\"elementor-container elementor-column-gap-default\">\r\n\t\t\t\t\t<div class=\"elementor-column elementor-col-33 elementor-top-column elementor-element elementor-element-04f889a\" data-id=\"04f889a\" data-element_type=\"column\">\r\n\t\t\t<div class=\"elementor-widget-wrap elementor-element-populated\">\r\n\t\t\t\t\t\t\t\t<div class=\"elementor-element elementor-element-4cc6463 elementor-widget elementor-widget-text-editor\" data-id=\"4cc6463\" data-element_type=\"widget\" data-widget_type=\"text-editor.default\">\r\n\t\t\t\t<div class=\"elementor-widget-container\">\r\n\t\t\t\t\t<div class=\"elementor-text-editor elementor-clearfix\"><h4><strong>Bitki \u00d6rt\u00fcs\u00fc\/Sa\u011fl\u0131\u011f\u0131 Haritas\u0131<\/strong><\/h4><\/div>\r\n\t\t\t\t<\/div>\r\n\t\t\t\t<\/div>\r\n\t\t\t\t<div class=\"elementor-element elementor-element-094039d elementor-widget elementor-widget-image\" data-id=\"094039d\" data-element_type=\"widget\" data-widget_type=\"image.default\">\r\n\t\t\t\t<div class=\"elementor-widget-container\">\r\n\t\t\t\t\t<div class=\"elementor-image\">\r\n\t\t\t\t\t\t\t\t\t\t<img width=\"766\" height=\"644\" src=\"http:\/\/aveobilisim.com\/wp-content\/uploads\/2021\/04\/NDVI1.png\" class=\"attachment-large size-large\" alt=\"\" loading=\"lazy\" srcset=\"http:\/\/aveobilisim.com\/wp-content\/uploads\/2021\/04\/NDVI1.png 766w, http:\/\/aveobilisim.com\/wp-content\/uploads\/2021\/04\/NDVI1-300x252.png 300w\" sizes=\"(max-width: 766px) 100vw, 766px\" \/>\t\t\t\t\t\t\t\t\t\t\t<\/div>\r\n\t\t\t\t<\/div>\r\n\t\t\t\t<\/div>\r\n\t\t\t\t<div class=\"elementor-element elementor-element-562b009 elementor-widget elementor-widget-text-editor\" data-id=\"562b009\" data-element_type=\"widget\" data-widget_type=\"text-editor.default\">\r\n\t\t\t\t<div class=\"elementor-widget-container\">\r\n\t\t\t\t\t<div class=\"elementor-text-editor elementor-clearfix\"><p><span style=\"color: #000000;\">Tar\u0131msal \u00fcretimi izlemek, \u00fcretim kalitesi ve bitki canl\u0131\u011f\u0131n\u0131\/sa\u011fl\u0131\u011f\u0131n\u0131 izlemek, \u00fcretim miktar\u0131n\u0131 tahmin etmek, kurakl\u0131\u011f\u0131 izlemek, haritalamak i\u00e7in kullan\u0131l\u0131r.<\/span><\/p><\/div>\r\n\t\t\t\t<\/div>\r\n\t\t\t\t<\/div>\r\n\t\t\t\t\t<\/div>\r\n\t\t<\/div>\r\n\t\t\t\t<div class=\"elementor-column elementor-col-33 elementor-top-column elementor-element elementor-element-85a54f9\" data-id=\"85a54f9\" data-element_type=\"column\">\r\n\t\t\t<div class=\"elementor-widget-wrap elementor-element-populated\">\r\n\t\t\t\t\t\t\t\t<div class=\"elementor-element elementor-element-6b5b091 elementor-widget elementor-widget-text-editor\" data-id=\"6b5b091\" data-element_type=\"widget\" data-widget_type=\"text-editor.default\">\r\n\t\t\t\t<div class=\"elementor-widget-container\">\r\n\t\t\t\t\t<div class=\"elementor-text-editor elementor-clearfix\"><h4><strong>Su Stresi Haritas\u0131<\/strong><\/h4><\/div>\r\n\t\t\t\t<\/div>\r\n\t\t\t\t<\/div>\r\n\t\t\t\t<div class=\"elementor-element elementor-element-73f6eb0 elementor-widget elementor-widget-image\" data-id=\"73f6eb0\" data-element_type=\"widget\" data-widget_type=\"image.default\">\r\n\t\t\t\t<div class=\"elementor-widget-container\">\r\n\t\t\t\t\t<div class=\"elementor-image\">\r\n\t\t\t\t\t\t\t\t\t\t<img width=\"764\" height=\"626\" src=\"http:\/\/aveobilisim.com\/wp-content\/uploads\/2021\/04\/NDWI1.png\" class=\"attachment-large size-large\" alt=\"\" loading=\"lazy\" srcset=\"http:\/\/aveobilisim.com\/wp-content\/uploads\/2021\/04\/NDWI1.png 764w, http:\/\/aveobilisim.com\/wp-content\/uploads\/2021\/04\/NDWI1-300x246.png 300w\" sizes=\"(max-width: 764px) 100vw, 764px\" \/>\t\t\t\t\t\t\t\t\t\t\t<\/div>\r\n\t\t\t\t<\/div>\r\n\t\t\t\t<\/div>\r\n\t\t\t\t<div class=\"elementor-element elementor-element-9bd3de7 elementor-widget elementor-widget-text-editor\" data-id=\"9bd3de7\" data-element_type=\"widget\" data-widget_type=\"text-editor.default\">\r\n\t\t\t\t<div class=\"elementor-widget-container\">\r\n\t\t\t\t\t<div class=\"elementor-text-editor elementor-clearfix\"><p><span style=\"color: #000000;\">Toprak ve karasal bitki \u00f6rt\u00fcs\u00fc \u00f6zelliklerinin varl\u0131\u011f\u0131n\u0131 ortadan kald\u0131r\u0131rken bu t\u00fcr \u00f6zelliklerin varl\u0131\u011f\u0131n\u0131 geli\u015ftirmek i\u00e7in yans\u0131t\u0131lan yak\u0131n k\u0131z\u0131l\u00f6tesi radyasyonu ve g\u00f6r\u00fcn\u00fcr ye\u015fil \u0131\u015f\u0131\u011f\u0131n kullan\u0131lmas\u0131 ile olu\u015fturulan haritalard\u0131r. Uzaktan alg\u0131lanan dijital veriler kullan\u0131larak su k\u00fctlelerinin bulan\u0131kl\u0131k tahminleri de yap\u0131labilmektedir.<\/span><\/p><\/div>\r\n\t\t\t\t<\/div>\r\n\t\t\t\t<\/div>\r\n\t\t\t\t\t<\/div>\r\n\t\t<\/div>\r\n\t\t\t\t<div class=\"elementor-column elementor-col-33 elementor-top-column elementor-element elementor-element-c2b9948\" data-id=\"c2b9948\" data-element_type=\"column\">\r\n\t\t\t<div class=\"elementor-widget-wrap elementor-element-populated\">\r\n\t\t\t\t\t\t\t\t<div class=\"elementor-element elementor-element-d17b21e elementor-widget elementor-widget-text-editor\" data-id=\"d17b21e\" data-element_type=\"widget\" data-widget_type=\"text-editor.default\">\r\n\t\t\t\t<div class=\"elementor-widget-container\">\r\n\t\t\t\t\t<div class=\"elementor-text-editor elementor-clearfix\"><h4><strong>Bitki Besleme Haritas\u0131<\/strong><\/h4><\/div>\r\n\t\t\t\t<\/div>\r\n\t\t\t\t<\/div>\r\n\t\t\t\t<div class=\"elementor-element elementor-element-6def364 elementor-widget elementor-widget-image\" data-id=\"6def364\" data-element_type=\"widget\" data-widget_type=\"image.default\">\r\n\t\t\t\t<div class=\"elementor-widget-container\">\r\n\t\t\t\t\t<div class=\"elementor-image\">\r\n\t\t\t\t\t\t\t\t\t\t<img width=\"766\" height=\"644\" src=\"http:\/\/aveobilisim.com\/wp-content\/uploads\/2021\/04\/NDNI1.png\" class=\"attachment-large size-large\" alt=\"\" loading=\"lazy\" srcset=\"http:\/\/aveobilisim.com\/wp-content\/uploads\/2021\/04\/NDNI1.png 766w, http:\/\/aveobilisim.com\/wp-content\/uploads\/2021\/04\/NDNI1-300x252.png 300w\" sizes=\"(max-width: 766px) 100vw, 766px\" \/>\t\t\t\t\t\t\t\t\t\t\t<\/div>\r\n\t\t\t\t<\/div>\r\n\t\t\t\t<\/div>\r\n\t\t\t\t<div class=\"elementor-element elementor-element-4ee813a elementor-widget elementor-widget-text-editor\" data-id=\"4ee813a\" data-element_type=\"widget\" data-widget_type=\"text-editor.default\">\r\n\t\t\t\t<div class=\"elementor-widget-container\">\r\n\t\t\t\t\t<div class=\"elementor-text-editor elementor-clearfix\"><p><span style=\"color: #000000;\">Bu harita, bitki \u00f6rt\u00fcs\u00fcnde bulunan nispi nitrojen miktarlar\u0131n\u0131 tahmin ederek olu\u015fturulmu\u015ftur.\u00a0\u00a0Yaprak nitrojen konsantrasyonu ve kanopi yaprak biyok\u00fctlesi ile toplam kanopi nitrojen i\u00e7eri\u011fi hesaplan\u0131r.<\/span><\/p><\/div>\r\n\t\t\t\t<\/div>\r\n\t\t\t\t<\/div>\r\n\t\t\t\t\t<\/div>\r\n\t\t<\/div>\r\n\t\t\t\t\t\t\t<\/div>\r\n\t\t<\/section>\r\n\t\t\t\t\t\t<\/div>\r\n\t\t\t\t\t<\/div>\r\n\t\t","protected":false},"excerpt":{"rendered":"<p>http:\/\/proveasatellite.com Provea Satellite &nbsp;HASSAS TARIMDA UYDU G\u00d6R\u00dcNT\u00dcLER\u0130 Provea Satellite,&nbsp; uydu g\u00f6r\u00fcnt\u00fclerini zaman serileri halinde kullanarak bitki sa\u011fl\u0131\u011f\u0131, su stresi ve nitrojen izleme hizmetleri sunan bir web servistir. Provea Hassas Tar\u0131m Karar Destek Sistemi&nbsp;ile entegre olarak uygulanmaktad\u0131r.&nbsp;&nbsp; Uydu Bantlar\u0131yla Olu\u015fturulan Bitki \u00d6rt\u00fcs\u00fc\/Sa\u011fl\u0131\u011f\u0131 Haritas\u0131 Tar\u0131msal \u00fcretimi izlemek, \u00fcretim kalitesi ve bitki canl\u0131\u011f\u0131n\u0131\/sa\u011fl\u0131\u011f\u0131n\u0131 izlemek, \u00fcretim miktar\u0131n\u0131 tahmin etmek, &hellip;<\/p>\n<p class=\"read-more\"> <a class=\"\" href=\"http:\/\/aveobilisim.com\/?page_id=38\"> <span class=\"screen-reader-text\">Provea Satellite<\/span> Read More &raquo;<\/a><\/p>\n","protected":false},"author":2,"featured_media":0,"parent":0,"menu_order":0,"comment_status":"closed","ping_status":"closed","template":"","meta":[],"_links":{"self":[{"href":"http:\/\/aveobilisim.com\/index.php?rest_route=\/wp\/v2\/pages\/38"}],"collection":[{"href":"http:\/\/aveobilisim.com\/index.php?rest_route=\/wp\/v2\/pages"}],"about":[{"href":"http:\/\/aveobilisim.com\/index.php?rest_route=\/wp\/v2\/types\/page"}],"author":[{"embeddable":true,"href":"http:\/\/aveobilisim.com\/index.php?rest_route=\/wp\/v2\/users\/2"}],"replies":[{"embeddable":true,"href":"http:\/\/aveobilisim.com\/index.php?rest_route=%2Fwp%2Fv2%2Fcomments&post=38"}],"version-history":[{"count":21,"href":"http:\/\/aveobilisim.com\/index.php?rest_route=\/wp\/v2\/pages\/38\/revisions"}],"predecessor-version":[{"id":2952,"href":"http:\/\/aveobilisim.com\/index.php?rest_route=\/wp\/v2\/pages\/38\/revisions\/2952"}],"wp:attachment":[{"href":"http:\/\/aveobilisim.com\/index.php?rest_route=%2Fwp%2Fv2%2Fmedia&parent=38"}],"curies":[{"name":"wp","href":"https:\/\/api.w.org\/{rel}","templated":true}]}}